are the prime factors of 961678694?
2, 157, 3062671
List the prime factors of 30566958.
2, 3, 37, 157, 877
What are the prime factors of 9670512?
2, 3, 31, 67, 97
List the prime factors of 4889133782.
2, 13, 23, 67, 122027
List the prime factors of 6236151.
3, 23, 90379
What are the prime factors of 645930482?
2, 23, 41, 239, 1433
List the prime factors of 46314732.
2, 3, 17, 23, 9871
What are the prime factors of 8006676435?
3, 5, 31, 5739553
List the prime factors of 1062260457.
3, 769, 460451
What are the prime factors of 1434291312?
2, 3, 29881069
What are the prime factors of 212174196?
2, 3, 13, 157, 8663
What are the prime factors of 2281707732?
2, 3, 23, 199, 41543
What are the prime factors of 262763455?
5, 37, 769, 1847
What are the prime factors of 38795165?
5, 787, 9859
What are the prime factors of 1154487650?
2, 5, 43, 536971
List the prime factors of 716781603.
3, 29, 1303, 6323
List the prime factors of 660019221.
3, 5051, 14519
List the prime factors of 2331958.
2, 17, 107, 641
List the prime factors of 203301404.
2, 50825351
What are the prime factors of 480893523?
3, 11, 1033, 14107
What are the prime factors of 626595170?
2, 5, 29, 113, 19121
What are the prime factors of 1387471892?
2, 346867973
List the prime factors of 1667280533.
19, 31, 373, 7589
List the prime factors of 1762029444.
2, 3, 7, 29, 97, 7457
List the prime factors of 1325512436.
2, 5749, 57641
List the prime factors of 1225352633.
53, 251, 92111
What are the prime factors of 69284896?
2, 79, 27407
List the prime factors of 594284313.
3, 7, 73, 107, 3623
What are the prime factors of 40126329?
3, 23, 193847
List the prime factors of 1398440247.
3, 17, 27420397
What are the prime factors of 29702703?
3, 149, 66449
What are the prime factors of 371985040?
2, 5, 7, 19, 34961
List the prime factors of 40572659.
17, 2386627
List the prime factors of 29633256.
2, 3, 137191
List the prime factors of 119491657.
17, 7028921
What are the prime factors of 15960996?
2, 3, 147787
What are the prime factors of 1074841131?
3, 7, 13, 3937147
List the prime factors of 176168995.
5, 35233799
List the prime factors of 2283348684.
2, 3, 2857, 66601
What are the prime factors of 112823027?
23, 37, 233, 569
What are the prime factors of 213876844?
2, 19, 2814169
List the prime factors of 1101917706.
2, 3, 673, 272887
What are the prime factors of 23768119?
23768119
What are the prime factors of 27492958?
2, 23, 597673
List the prime factors of 370622443.
1667, 222329
What are the prime factors of 20782567?
13, 37, 43207
What are the prime factors of 26460511?
7, 11, 23, 67, 223
What are the prime factors of 1608563?
11, 257, 569
List the prime factors of 572060235.
3, 5, 29, 1315081
List the prime factors of 2281552139.
67, 109, 312413
List the prime factors of 23193976.
2, 13, 223019
What are the prime factors of 201311097?
3, 13, 179, 28837
List the prime factors of 51897581.
593, 87517
What are the prime factors of 398575845?
3, 5, 419, 21139
What are the prime factors of 385601597?
41, 43, 218719
What are the prime factors of 9249259?
977, 9467
List the prime factors of 60787320.
2, 3, 5, 11, 46051
List the prime factors of 514817942.
2, 5527, 46573
List the prime factors of 1665598897.
2939, 566723
What are the prime factors of 246925585?
5, 23, 359, 5981
What are the prime factors of 423118835?
5, 84623767
List the prime factors of 131779917.
3, 14642213
What are the prime factors of 1563248461?
109, 127, 112927
What are the prime factors of 84475891?
157, 163, 3301
List the prime factors of 952576229.
11, 19, 4557781
What are the prime factors of 29122876?
2, 23, 79, 4007
List the prime factors of 34875731.
11, 3170521
What are the prime factors of 377501327?
7, 4157, 12973
List the prime factors of 56343099.
3, 18781033
What are the prime factors of 1973141073?
3, 4253, 17183
What are the prime factors of 139426457?
107, 1303051
What are the prime factors of 5204984782?
2, 181, 14378411
What are the prime factors of 3476157001?
263, 13217327
List the prime factors of 83380073.
7, 11911439
List the prime factors of 1402524808.
2, 43, 1289, 3163
What are the prime factors of 27255721?
2017, 13513
List the prime factors of 56401322.
2, 41, 83, 8287
List the prime factors of 1630456346.
2, 31, 2887, 9109
List the prime factors of 353694579.
3, 7, 2971, 5669
What are the prime factors of 54103487?
54103487
List the prime factors of 5765816595.
3, 5, 7, 11, 59, 211, 401
What are the prime factors of 25562644?
2, 67, 95383
What are the prime factors of 340699755?
3, 5, 11, 2064847
List the prime factors of 35344978.
2, 19, 911, 1021
List the prime factors of 24097489.
13, 101, 18353
List the prime factors of 3336952.
2, 417119
List the prime factors of 95299234.
2, 139, 342803
List the prime factors of 42022406.
2, 4057, 5179
What are the prime factors of 801303804?
2, 3, 7, 197, 16141
What are the prime factors of 10099726?
2, 7, 13, 211, 263
What are the prime factors of 865333718?
2, 432666859
What are the prime factors of 115632696?
2, 3, 37, 197, 661
What are the prime factors of 72372294?
2, 3, 109, 36887
List the prime factors of 892835688.
2, 3, 19, 47, 41659
What are the prime factors of 2068320461?
37, 59, 73, 12979
List the prime factors of 22629841.
13, 61, 28537
List the prime factors of 107659739.
11, 1543, 6343
What are the prime factors of 129016574?
2, 19, 3395173
List the prime factors of 18522753.
3, 67, 92153
What are the prime factors of 6494300207?
71, 1423, 64279
What are the prime factors of 96924952?
2, 1741, 6959
What are the prime factors of 1489449665?
5, 11, 27080903
What are the prime factors of 14661544?
2, 1832693
List the prime factors of 1674930622.
2, 97, 8633663
What are the prime factors of 486020433?
3, 6659, 24329
List the prime factors of 1226621740.
2, 5, 17, 23, 227, 691
List the prime factors of 39760281.
3, 11, 133873
What are the prime factors of 253593910?
2, 5, 25359391
What are the prime factors of 63346870?
2, 5, 1553, 4079
List the prime factors of 97929451.
97929451
List the prime factors of 274340114.
2, 6043, 22699
List the prime factors of 217578241.
37, 5880493
List the prime factors of 660906757.
7, 41, 61, 5393
What are the prime factors of 679577326?
2, 157, 827, 2617
List the prime factors of 793389589.
21187, 37447
What are the prime factors of 357086100?
2, 3, 5, 7, 97, 1753
List the prime factors of 57190010.
2, 5, 5719001
List the prime factors of 3150880382.
2, 13, 131, 925097
What are the prime factors of 415333735?
5, 83066747
What are the prime factors of 125422606?
2, 3083, 20341
List the prime factors of 43171962.
2, 3, 7195327
List the prime factors of 291040785.
3, 5, 7, 923939
List the prime factors of 4057784073.
3, 7, 21469757
What are the prime factors of 290288387?
16519, 17573
List the prime factors of 79212618.
2, 3, 4400701
What are the prime factors of 1039182219?
3, 19, 1831, 3319
What are the prime factors of 96356483?
96356483
List the prime factors of 24329569.
11, 2211779
List the prime factors of 6164794.
2, 3082397
List the prime factors of 37474799.
103, 363833
What are the prime factors of 954962953?
7, 29, 4704251
What are the prime factors of 426104200?
2, 5, 43, 49547
List the prime factors of 32424193.
43, 193, 3907
What are the prime factors of 1542196433?
127, 769, 15791
What are the prime factors of 118143200?
2, 5, 7, 17, 73
List the prime factors of 1876841267.
7, 38302883
List the prime factors of 20588949.
3, 2287661
What are the prime factors of 182917061?
197, 928513
List the prime factors of 55420065.
3, 5, 410519
What are the prime factors of 85740538?
2, 13, 43, 53, 1447
List the prime factors of 1871871587.
1871871587
What are the prime factors of 503212078?
2, 23, 2153, 5081
List the prime factors of 5337811498.
2, 2971, 898319
What are the prime factors of 5356482658?
2, 103, 2551, 10193
List the prime factors of 778394309.
7, 11, 10109017
List the prime factors of 327758657.
17, 1134113
What are the prime factors of 42991655?
5, 7, 1228333
What are the prime factors of 375853697?
17, 22109041
List the prime factors of 148770114.
2, 3, 19, 79, 16519
List the prime factors of 2677690.
2, 5, 37, 7237
List the prime factors of 1112506372.
2, 12113, 22961
List the prime